le of 9?
False
Is 4060 a multiple of 29?
True
Is 48906 a multiple of 209?
True
Is 1972 a multiple of 77?
False
Is 32241 a multiple of 11?
True
Is 24 a factor of 548?
False
Is 75 a factor of 1335?
False
Is 4 a factor of 131?
False
Is 359 a factor of 17095?
False
Does 120 divide 12720?
True
Is 35752 a multiple of 287?
False
Does 35 divide 805?
True
Is 5 a factor of 341?
False
Is 23 a factor of 4761?
True
Does 72 divide 2747?
False
Is 9 a factor of 315?
True
Does 36 divide 433?
False
Does 10 divide 550?
True
Is 19451 a multiple of 373?
False
Is 87076 a multiple of 62?
False
Does 3 divide 52?
False
Does 21 divide 133294?
False
Is 12 a multiple of 12?
True
Is 30 a factor of 533?
False
Is 112716 a multiple of 558?
True
Does 10 divide 840?
True
Is 7 a factor of 5558?
True
Is 42 a factor of 38388?
True
Is 20 a factor of 4280?
True
Is 13 a factor of 1378?
True
Does 8 divide 78544?
True
Does 227 divide 6988?
False
Is 4330 a multiple of 5?
True
Is 2 a factor of 271?
False
Is 32 a factor of 1552?
False
Is 1413 a multiple of 71?
False
Does 62 divide 103?
False
Does 2 divide 2747?
False
Is 11700 a multiple of 9?
True
Is 25 a factor of 8820?
False
Is 56 a factor of 1484?
False
Is 36 a factor of 51?
False
Is 21 a factor of 1302?
True
Is 15 a factor of 390?
True
Is 13 a factor of 19025?
False
Is 3 a factor of 7594?
False
Does 18 divide 1260?
True
Is 1713 a multiple of 67?
False
Is 629 a multiple of 11?
False
Does 10 divide 124505?
False
Does 13 divide 455?
True
Does 40 divide 43870?
False
Does 17 divide 187?
True
Is 293 a multiple of 33?
False
Does 18 divide 18863?
False
Does 17 divide 1173?
True
Is 2343 a multiple of 33?
True
Is 4 a factor of 94?
False
Does 17 divide 4267?
True
Is 21875 a multiple of 33?
False
Does 19 divide 4139?
False
Does 16 divide 3224?
False
Is 3864 a multiple of 23?
True
Does 4 divide 25208?
True
Does 43 divide 1263?
False
Is 377 a multiple of 26?
False
Is 34 a factor of 1462?
True
Is 23 a factor of 4002?
True
Is 246 a multiple of 15?
False
Is 55957 a multiple of 11?
True
Is 643 a multiple of 9?
False
Does 23 divide 4090?
False
Is 6160 a multiple of 8?
True
Is 161 a factor of 20116?
False
Is 10 a factor of 2650?
True
Is 41 a factor of 588?
False
Is 8 a factor of 60619?
False
Is 119 a factor of 9282?
True
Is 3782 a multiple of 62?
True
Does 4 divide 148?
True
Does 8 divide 529?
False
Does 44 divide 46640?
True
Is 8 a factor of 7696?
True
Is 352 a multiple of 11?
True
Is 150 a factor of 3900?
True
Is 1785 a multiple of 17?
True
Is 74 a multiple of 7?
False
Is 1891 a multiple of 31?
True
Is 936 a multiple of 39?
True
Is 50 a multiple of 3?
False
Is 26 a factor of 2659?
False
Is 10 a factor of 1729?
False
Does 9 divide 1581?
False
Does 43 divide 7641?
False
Is 12 a factor of 21648?
True
Does 78 divide 11466?
True
Is 110 a multiple of 110?
True
Is 73 a factor of 32492?
False
Is 26 a factor of 4621?
False
Does 35 divide 3045?
True
Is 5 a factor of 25890?
True
Does 86 divide 521?
False
Is 14 a factor of 8267?
False
Does 38 divide 9509?
False
Is 1020 a multiple of 6?
True
Is 954 a multiple of 68?
False
Is 222 a factor of 24198?
True
Does 5 divide 247?
False
Is 47664 a multiple of 18?
True
Is 6 a factor of 1840?
False
Does 4 divide 1192?
True
Does 9 divide 818?
False
Is 22 a factor of 2046?
True
Is 745 a multiple of 3?
False
Does 58 divide 22156?
True
Is 4 a factor of 135?
False
Is 37 a factor of 7141?
True
Is 34 a factor of 544?
True
Does 42 divide 4998?
True
Is 12 a factor of 144?
True
Is 15 a factor of 826?
False
Does 5 divide 50?
True
Is 3456 a multiple of 54?
True
Is 132 a factor of 16837?
False
Is 14204 a multiple of 53?
True
Is 88 a multiple of 8?
True
Is 42 a multiple of 3?
True
Is 9 a factor of 945?
True
Is 288 a factor of 21392?
False
Is 2400 a multiple of 40?
True
Does 2 divide 72?
True
Does 12 divide 724?
False
Is 5632 a multiple of 16?
True
Does 41 divide 2562?
False
Does 51 divide 663?
True
Does 39 divide 19754?
False
Is 60 a factor of 3015?
False
Is 21165 a multiple of 5?
True
Is 263 a multiple of 13?
False
Does 26 divide 238?
False
Is 6 a factor of 13798?
False
Is 38 a factor of 1313?
False
Is 14 a factor of 208?
False
Does 23 divide 12571?
False
Is 13 a factor of 10463?
False
Is 20 a factor of 1300?
True
Does 111 divide 1443?
True
Is 5 a factor of 15?
True
Is 14 a factor of 3164?
True
Is 3564 a multiple of 54?
True
Is 140 a multiple of 14?
True
Does 14 divide 568?
False
Does 54 divide 29337?
False
Is 1732 a multiple of 16?
False
Is 101 a factor of 36663?
True
Is 4646 a multiple of 23?
True
Does 38 divide 1254?
True
Is 40 a factor of 2705?
False
Is 1855 a multiple of 44?
False
Is 306 a multiple of 13?
False
Is 27 a factor of 13851?
True
Is 5132 a multiple of 82?
False
Does 21 divide 658?
False
Does 103 divide 2369?
True
Does 16 divide 4625?
False
Is 1598 a multiple of 17?
True
Is 63100 a multiple of 7?
False
Does 6 divide 102?
True
Is 1358 a multiple of 7?
True
Does 27 divide 19243?
False
Is 312 a multiple of 10?
False
Does 10 divide 25736?
False
Does 29 divide 172?
False
Does 8 divide 4288?
True
Is 36383 a multiple of 162?
False
Does 45 divide 1125?
True
Is 4 a factor of 16?
True
Is 63 a factor of 78?
False
Is 26 a factor of 9331?
False
Is 13806 a multiple of 26?
True
Does 31 divide 1798?
True
Does 14 divide 7952?
True
Does 39 divide 1833?
True
Is 13 a factor of 2886?
True
Is 43729 a multiple of 23?
False
Is 72 a multiple of 9?
True
Does 11 divide 150329?
False
Is 2863 a multiple of 7?
True
Does 33 divide 11014?
False
Is 233 a multiple of 19?
False
Does 21 divide 1589?
False
Does 16 divide 12416?
True
Does 2 divide 576?
True
Is 21 a factor of 3876?
False
Is 12 a factor of 8726?
False
Is 88 a multiple of 3?
False
Is 6 a factor of 1018?
False
Does 42 divide 16097?
False
Does 46 divide 48869?
False
Is 5232 a multiple of 16?
True
Is 6241 a multiple of 10?
False
Does 8 divide 1580?
False
Is 6 a factor of 7706?
False
Is 313 a factor of 57905?
True
Is 952 a multiple of 51?
False
Is 31320 a multiple of 16?
False
Does 48 divide 67752?
False
Is 20146 a multiple of 7?
True
Is 40 a factor of 960?
True
Is 24 a factor of 2603?
False
Is 17 a factor of 16665?
False
Is 10 a factor of 11539?
False
Is 186 a factor of 47802?
True
Is 1224 a multiple of 24?
True
Is 17 a factor of 2125?
True
Does 37 divide 2331?
True
Does 32 divide 1578?
False
Does 15 divide 255?
True
Is 77888 a multiple of 98?
False
Does 328 divide 37895?
False
Does 12 divide 8373?
False
Is 18 a factor of 47620?
False
Does 129 divide 10511?
False
Does 4 divide 759?
False
Does 34 divide 101241?
False
Is 52713 a multiple of 6?
False
Is 298 a multiple of 6?
False
Is 40 a factor of 9360?
True
Is 1005 a multiple of 15?
True
Is 2041 a multiple of 7?
False
Is 2320 a multiple of 10?
True
Is 26 a factor of 4836?
True
Does 29 divide 1160?
True
Is 945 a multiple of 21?
True
Does 4 divide 698?
False
Is 8830 a multiple of 6?
False
Does 358 divide 1074?
True
Is 57277 a multiple of 11?
True
Does 5 divide 7488?
False
Is 30780 a multiple of 190?
True
Is 4 a factor of 30256?
True
Does 91 divide 36309?
True
Is 267 a factor of 70488?
True
Is 20 a factor of 573?
False
Is 18 a factor of 7390?
False
Is 88 a factor of 789?
False
Does 21 divide 3573?
False
Is 1623 a multiple of 21?
False
Is 182 a factor of 50414?
True
Is 252 a multiple of 3?
True
Is 4327 a multiple of 22?
False
Is 44 a factor of 1628?
True
Is 1558 a multiple of 19?
True
Does 19 divide 14763?
True
Is 31 a factor of 60016?
True
Is 6 a factor of 221?
False
Does 52 divide 60?
False
Does 175 divide 6475?
True
Does 5 divide 540?
True
Is 13 a factor of 116?
False
Does 81 divide 3390?
False
Does 15 divide 26112?
False
Is 1028 a multiple of 15?
False
Is 13 a factor of 3627?
True
Does 47 divide 16339?
False
Is 38086 a multiple of 19?
False
Does 21 divide 3212?
False
Does 3 divide 48?
True
Does 13 divide 24141?
True
Does 24 divide 14904?
True
Is 543 a multiple of 36?
False
Is 394 a factor of 73329?
False
Is 11040 a multiple of 92?
True
Is 39806 a multiple of 13?
True
Does 11 divide 6137?
False
Is 654 a multiple of 7?
False
Does 20 divide 2207?
False
Is 84 a factor of 5532?
False
Is 40 a multiple of 2?
True
Is 67887 a multiple of 83?
False
Is 41 a factor of 17548?
True
Is 23 a factor of 6003?
True
Is 2248 a multiple of 24?
False
Is 150 a multiple o